e -5*d + a*w + 3160 = 0, 0 = -3*d + w + 4*w + 1896. Suppose 0 = -p + 9*p - d. What is the tens digit of p?
7
Let p(z) = 5*z + 142. Let f be p(-28). Suppose -4*r + 1494 = -f*x, 352 = r - 4*x - 4. What is the tens digit of r?
7
Suppose 5*y - 132 = 4*j, y - 210 = 5*j + 6*y. Let m = -8 - j. Suppose -m = 6*f - 552. What is the tens digit of f?
8
Let m(j) = 12*j**2 + 178*j - 24. What is the thousands digit of m(28)?
4
Let o(k) = 4037*k**2 + 125*k - 243. What is the thousands digit of o(2)?
6
Let z(d) = d**3 - 8*d**2 + 11*d + 7. Let w(x) = -x**2 + 13*x - 18. Let a be w(11). Suppose -40 = -a*i - 8. What is the units digit of z(i)?
5
Suppose -24577 - 16193 = -30*i. What is the units digit of i?
9
Suppose -d = 3*d - 4812 - 10184. What is the hundreds digit of d?
7
Suppose -14*c - 7*c - 38*c = -198830. What is the tens digit of c?
7
Suppose 16*a + a - 6494 = 0. Let i = a - -244. What is the tens digit of i?
2
Suppose -303*r + 342*r - 452634 = 0. What is the hundreds digit of r?
6
Suppose -10 = n - 6*n. Let h be ((-468)/(-16))/(n + 14/(-8)). What is the units digit of 1*-2*h/(-9)?
6
Suppose 3*h = -r - 3051, -3*h + 4*r - 176 - 2875 = 0. What is the units digit of 18/12 - h/6?
1
Let y be 17448/16*8/12. Suppose -y = -2*s - 197. What is the hundreds digit of s?
2
Let x = 5097 - -12546. What is the tens digit of x?
4
Suppose 4*a - 40 = 20*i - 16*i, 0 = -3*a + i + 40. Suppose 32 = -a*s + 2012. What is the hundreds digit of s?
1
Suppose -3*j + 15 = -3*t, 3*j + 3*t + 0 - 3 = 0. Let b(n) = -226*n - 60. Let f(g) = 75*g + 20. Let m(p) = 3*b(p) + 10*f(p). What is the units digit of m(j)?
6
Let a(p) = 3*p**3 - 6*p**2 - 16*p + 10. Let n be a(7). Let o = n + -363. What is the tens digit of o?
7
Suppose -8*d = -4 - 20. Suppose 3588 = 4*c - w - 0*w, 4468 = 5*c + d*w. What is the hundreds digit of c?
8
Let w = 38 - 44. What is the tens digit of w/(-9)*(-4 - -82)?
5
Let b = 881 - -2435. What is the hundreds digit of b?
3
Let s(j) = 67 + 9*j - 62*j - 55*j - 119*j. What is the hundreds digit of s(-2)?
5
Suppose -5*z - 2*q + 109 = 0, 0 = -3*z + 4*q + 20 + 35. Suppose 27 = 3*a - z. What is the tens digit of a?
1
Let z(j) = 6*j + 138. Let y be (2 - -25*1) + 7 + -2. What is the units digit of z(y)?
0
Let g(l) = 51*l - 9. Suppose -161*t + 5 = -160*t. What is the tens digit of g(t)?
4
Suppose 3816 = m - 183. Suppose -m = -10*b - 659. What is the hundreds digit of b?
3
Let h(w) = -10*w + 49. Suppose 6*j = -16 + 40. Let u = -4 - j. What is the hundreds digit of h(u)?
1
Let c = 248 + 20758. What is the tens digit of c?
0
Suppose -3*n + 2*a = -5*n + 15276, 3*n - 22898 = a. What is the thousands digit of n?
7
Let z(u) = 3*u**2 - 8*u. Let a be z(3). Suppose 0 = 4*b - 4*j - 3372, 0 = -b + 2*b - a*j - 845. What is the units digit of b?
2
Let g(o) = -5*o**2 + 10*o**2 + 15*o + 5*o**2 + 5*o**2 + 12 + o**3. Let d be g(-14). What is the tens digit of (d - -4 - -248)/(4 + -3)?
5
Let y(d) = -550*d + 40. Let s be y(3). Let i = -1121 - s. What is the tens digit of i?
8
Suppose -4*d = -3*y - 108, -8*d = -4*d - y - 116. Suppose 2*l - 5*k = 33, l - 5*l = 2*k - d. Suppose 0 = -l*c + c + 1080. What is the tens digit of c?
3
Suppose -2256 = -321*w + 313*w. Let j = 323 - w. What is the units digit of j?
1
Suppose -2*r = 2*n - 3*n - 8, -2*r = -2*n - 6. Suppose 0 = -22*y + 15 - 81. What is the hundreds digit of ((-4)/n - -4) + y - -224?
2
Suppose 4*v - 3*g = 68151, 3*g = 12*v - 16*v + 68193. What is the tens digit of v?
4
What is the thousands digit of 114 - 118 - 591*-3?
1
Let o = -47 - -267. Let x be (-44)/o + 1 + (-4354)/5. What is the tens digit of (x/(-25))/((-3)/(-30)*3)?
1
Suppose -3*a = 2*a - 105. Suppose 13*c + 52 = t + 10*c, -t = -2*c - 44. What is the units digit of (t/a)/(4/27)?
9
Let w = -2 + 13. Let g(n) = n**2 - 15*n - 4. Let m be g(w). Let k = 17 - m. What is the tens digit of k?
6
Let p(o) = -o**2 + o + 1. Let z(v) = 34*v**2 - 23*v - 101. Let i(x) = -5*p(x) + z(x). What is the tens digit of i(-4)?
3
Suppose 0 = 2*v + 4*q - 42040, 59*v + 2*q = 62*v - 63068. What is the hundreds digit of v?
0
Suppose -3*a - 2*o = -14, -5*a + 3*o - 6*o + 22 = 0. Suppose 5*t - 3*k - 2421 = -k, 0 = -a*t - k + 963. What is the tens digit of t?
8
Let m(h) = 847*h**2 + 226*h + 680. What is the thousands digit of m(-3)?
7
Let t be 133 + (7 - 75/(-15)). Let h(s) = -258*s + 1. Let b be h(-2). Suppose -4*o - t + b = 0. What is the tens digit of o?
9
What is the tens digit of 112/(-728) - (-2)/26*27367?
0
Let i = 32 - 31. Let y be 4*2 + i + -7 + 3. Suppose -3*c - 5*u = -328, -4*c - 212 = -6*c - y*u. What is the tens digit of c?
1
Suppose g + o = -76, 2*g + 0*o + 5*o + 158 = 0. Let z = 128 + g. What is the tens digit of z?
5
Suppose -24*c + 10103 = -6097. Suppose 0 = 3*u - 0*u - c. What is the units digit of u?
5
Let q(r) = 86*r**2 + 3*r + 1. Let b be q(-1). Suppose -4*f = 8*f - b. Let y(l) = 18*l + 4. What is the units digit of y(f)?
0
Let z = 6176 - -271. What is the tens digit of z?
4
Suppose 5*r + s - 33819 = 78358, 0 = r + s - 22433. What is the thousands digit of r?
2
Suppose -27 = 52*i - 131. Suppose 3*v - 5363 = -i*n, 10*n + 1801 = v + 8*n. What is the tens digit of v?
9
Suppose -8*l = -n + 8138, 57 = 3*l + 39. What is the hundreds digit of n?
1
Let n = 35 + -97. Let z = n + 127. What is the tens digit of z?
6
Let u(w) = -4*w**2 - 17*w - 13. Let s(i) = -2*i**2 - 8*i - 6. Let a(h) = -5*s(h) + 2*u(h). What is the tens digit of a(-5)?
2
Let x be 250/625 + (68/5 - 0). What is the units digit of (-1)/(x/70 + 492/(-2410))?
1
Suppose 3*o + 493 = 2*c, -4*c - 5*o = -347 - 650. Let y = -92 + c. What is the units digit of y?
6
Let f(s) = -13*s**3 - 393*s**2 + 53*s - 60. What is the hundreds digit of f(-31)?
9
What is the hundreds digit of (-16)/2 + 6400 + 5 + 3?
4
Suppose -5*n + 2*q = -15, -3*q = -3*n - 5*q + 25. What is the hundreds digit of (n - 7) + 4 - 71*-21?
4
Suppose -13*r - 7100 + 19658 = 0. What is the hundreds digit of r?
9
Suppose 1218650 - 430900 = 25*g. What is the ten thousands digit of g?
3
Let v(j) = j**3 + 6*j + 11. Let q be v(0). What is the units digit of 11 - 3 - (q + -171)?
8
Let d = 3677 + -1583. What is the hundreds digit of d?
0
Suppose 2*u + 4*c + 0*c = 2, -10 = 5*u + 5*c. What is the units digit of u - 4/(32/(-5832))?
4
Let m(r) = -40*r**3 - 3*r**2 - 2*r - 2. Let h be m(-2). Suppose h = 7*u - 747. Suppose -4*s + 54 = k, -4*k = -4*s - u - 25. What is the tens digit of k?
4
Let q = -444 - -446. What is the hundreds digit of 0 + (-168 + 4)/(q/(-9))?
7
Let m(f) = -7*f - 7. Let p be m(-2). Suppose -4*q + p = 47. What is the units digit of -62*(31/q - (-20)/(-50))?
7
Let l be (6/(-3))/(2/(-4)). What is the hundreds digit of (6 + 155 - l) + 0?
1
Suppose -9*a = -224 - 163. Suppose -47*r = -a*r - 4792. What is the hundreds digit of r?
1
Let c(s) = 1683*s**2 + 14*s + 57. What is the units digit of c(-4)?
9
What is the units digit of 14/70*65 + 1717?
0
Let b = 11874 - 6684. What is the units digit of b?
0
What is the hundreds digit of 2824558/220 + (-1)/(-10)?
8
Let n = 10215 - 3416. What is the tens digit of n?
9
Let n = 66 + -64. Let c(r) = -2*r - 21 - 10*r + r**n + 6. What is the tens digit of c(-7)?
1
Let j = 1373 - -606. What is the tens digit of j?
7
Let r(d) = -d**3 - 4*d**2 - 5*d - 5. Let c be r(-5). Let a = c - 35. Suppose -6*w - 348 = -a*w. What is the units digit of w?
7
Let l(p) = 2*p + 56. Let q be l(-27). Suppose 1259 - 393 = 2*v + q*w, 3*v - 5*w = 1291. What is the units digit of v?
2
Suppose -o - 18*g = -14*g - 5530, -5 = -5*g. What is the tens digit of o?
2
Let x(p) = -p**2 + 7*p - 2. Let l be x(6). Suppose -2*z + l = -3*z. What is the units digit of -1 + (-19)/(z - -3)?
8
Suppose -18*z + 3 + 141 = 0. Suppose 3155 = 5*g + 5*c, -5*g = -z*g + 5*c + 1925. What is the hundreds digit of g?
6
Suppose -13*j + 20850 = 752. Suppose -4*b = -86 - j. Suppose b = 5*t - 647. What is the hundreds digit of t?
2
Let a be (0 - 165/(-3)) + 9/3. Suppose -3*u - 2*k = 2*u - a, -5*u - 3*k + 57 = 0. What is the tens digit of (-294)/(-8) - (-2)/((-32)/u)?
3
Let m(s) = s - 2411 + 2411. Let r be m(2). Suppose r*a + 350 = 7*a. What is the units digit of a?
0
Let m(b) = -2*b**3 - 3*b + 3. Let w be m(2). Let z be 14/(-84) + w/(-6). Suppose 4 = -4*r, -z*v + 277 = -v + 3*r. What is the units digit of v?
0
Suppose 4*v +